t is the remainder when 844651 is divided by 1474?
49
What is the remainder when 27071 is divided by 26853?
218
Calculate the remainder when 16024030 is divided by 638.
22
Calculate the remainder when 41085 is divided by 17834.
5417
Calculate the remainder when 6365971 is divided by 795738.
67
Calculate the remainder when 355079 is divided by 177309.
461
Calculate the remainder when 259945 is divided by 11.
4
Calculate the remainder when 4450328 is divided by 2068.
2060
Calculate the remainder when 26279120 is divided by 11.
10
What is the remainder when 16067362 is divided by 2602?
12
What is the remainder when 11814464 is divided by 69?
8
Calculate the remainder when 96650 is divided by 12599.
8457
What is the remainder when 388213 is divided by 32348?
37
What is the remainder when 120267 is divided by 865?
32
What is the remainder when 756795 is divided by 188859?
1359
What is the remainder when 75162 is divided by 6430?
4432
What is the remainder when 20923588 is divided by 88?
4
What is the remainder when 20675 is divided by 4656?
2051
Calculate the remainder when 329101 is divided by 328061.
1040
What is the remainder when 5145038 is divided by 1963?
15
What is the remainder when 10745363 is divided by 385?
13
Calculate the remainder when 215485 is divided by 26933.
21
What is the remainder when 182733 is divided by 26077?
194
Calculate the remainder when 11438074 is divided by 11438065.
9
Calculate the remainder when 174631 is divided by 6020.
51
What is the remainder when 30347798 is divided by 56?
54
What is the remainder when 12146316 is divided by 391814?
82
What is the remainder when 337036 is divided by 168268?
500
Calculate the remainder when 84063 is divided by 5601.
48
What is the remainder when 619326 is divided by 251?
109
What is the remainder when 24417 is divided by 4816?
337
Calculate the remainder when 246646960 is divided by 179.
175
Calculate the remainder when 17633758 is divided by 51.
49
Calculate the remainder when 1345220096 is divided by 1554.
1550
What is the remainder when 141352213 is divided by 19470?
13
Calculate the remainder when 797386 is divided by 100.
86
Calculate the remainder when 22927 is divided by 3252.
163
What is the remainder when 5195714 is divided by 1731883?
65
Calculate the remainder when 4943953 is divided by 2502.
1
Calculate the remainder when 150965183 is divided by 96.
95
Calculate the remainder when 43153196 is divided by 122247.
5
What is the remainder when 2594448937 is divided by 1226?
1223
What is the remainder when 1723346 is divided by 106?
104
Calculate the remainder when 52842 is divided by 4722.
900
What is the remainder when 20157684 is divided by 210?
204
Calculate the remainder when 563866 is divided by 94.
54
What is the remainder when 1685391 is divided by 44352?
15
What is the remainder when 81612 is divided by 10105?
772
Calculate the remainder when 2442587 is divided by 2442574.
13
Calculate the remainder when 21296636 is divided by 107.
105
What is the remainder when 8513 is divided by 908?
341
Calculate the remainder when 18148722 is divided by 765.
627
What is the remainder when 90775 is divided by 8999?
785
What is the remainder when 379029 is divided by 38?
17
Calculate the remainder when 92801 is divided by 485.
166
What is the remainder when 39593443 is divided by 22?
21
What is the remainder when 25043977 is divided by 93?
7
Calculate the remainder when 1893491 is divided by 61.
51
Calculate the remainder when 496751 is divided by 1510.
1471
What is the remainder when 23710475 is divided by 19?
14
What is the remainder when 1664373 is divided by 554784?
21
What is the remainder when 127694 is divided by 63839?
16
What is the remainder when 233826591 is divided by 2523?
2520
What is the remainder when 63046 is divided by 1861?
1633
Calculate the remainder when 11742436 is divided by 1432.
36
What is the remainder when 40988 is divided by 1702?
140
Calculate the remainder when 59623679 is divided by 614677.
10
Calculate the remainder when 170479 is divided by 1268.
567
What is the remainder when 3420938 is divided by 131568?
170
Calculate the remainder when 43760330 is divided by 615.
5
Calculate the remainder when 757714 is divided by 1537.
1510
What is the remainder when 12944280 is divided by 379?
293
Calculate the remainder when 5431 is divided by 4694.
737
Calculate the remainder when 133644 is divided by 321.
108
What is the remainder when 3311669 is divided by 16?
5
What is the remainder when 391887 is divided by 5515?
322
What is the remainder when 193058 is divided by 1076?
454
What is the remainder when 10918723 is divided by 91?
88
Calculate the remainder when 1299649 is divided by 54152.
1
Calculate the remainder when 349959370 is divided by 651.
649
What is the remainder when 63844 is divided by 163?
111
What is the remainder when 1292764 is divided by 40?
4
Calculate the remainder when 142129 is divided by 1028.
265
What is the remainder when 230693 is divided by 34?
3
What is the remainder when 24984910 is divided by 538?
190
What is the remainder when 20979302 is divided by 1477?
1471
What is the remainder when 207248 is divided by 3512?
40
Calculate the remainder when 60672 is divided by 2095.
2012
What is the remainder when 664712 is divided by 4053?
20
Calculate the remainder when 5985647 is divided by 275.
272
Calculate the remainder when 154394 is divided by 8120.
114
What is the remainder when 7685312 is divided by 9?
5
Calculate the remainder when 232763070 is divided by 4846.
4844
Calculate the remainder when 3756434 is divided by 8.
2
Calculate the remainder when 216411 is divided by 18022.
147
What is the remainder when 19572345 is divided by 1254?
1167
What is the remainder when 325792 is divided by 1253?
12
What is the remainder when 700948 is divided by 3050?
2498
What is the remainder when 13025493 is divided by 218?
211
Calculate the remainder when 96642331 is divided by 1273.
1263
What is the remainder when 23268482 is divided by 280343?
13
What is the remainder when 88246 is divided by 53?
1
What is the remainder when 334370112 is divided by 9?
6
What is the remainder when 2758029 is divided by 771?
162
Calculate the remainder when 3882662 is divided by 1018.
10
What is the remainder when 978649 is divided by 18463?
110
What is the remainder when 5970916 is divided by 746356?
68
What is the remainder when 2133696 is divided by 133351?
80
Calculate the remainder when 12673 is divided by 1970.
853
What is the remainder when 1951330 is divided by 1301?
1131
What is the remainder when 98080 is divided by 561?
466
What is the remainder when 80950567 is divided by 9437?
9418
What is the remainder when 7498825 is divided by 1086?
1081
What is the remainder when 25371343 is divided by 91?
88
What is the remainder when 16579013 is divided by 2582?
2573
What is the remainder when 968383965 is divided by 8?
5
What is the remainder when 78140 is divided by 7045?
645
Calculate the remainder when 619717 is divided by 767.
748
What is the remainder when 98509 is divided by 3024?
1741
Calculate the remainder when 102370120 is divided by 415.
410
What is the remainder when 2529499725 is divided by 14?
11
What is the remainder when 393860 is divided by 2794?
2700
What is the remainder when 190660 is divided by 3745?
3410
What is the remainder when 1562290 is divided by 104152?
10
What is the remainder when 88018548 is divided by 663?
657
What is the remainder when 33527 is divided by 171?
11
Calculate the remainder when 21250687 is divided by 405.
337
Calculate the remainder when 4901226 is divided by 16229.
68
What is the remainder when 27309 is divided by 242?
205
What is the remainder when 3627 is divided by 3594?
33
Calculate the remainder when 2631255 is divided by 220.
55
Calculate the remainder when 1453461 is divided by 76496.
37
Calculate the remainder when 37450691 is divided by 24.
11
Calculate the remainder when 763864 is divided by 47730.
184
What is the remainder when 1653240 is divided by 416?
56
Calculate the remainder when 3660317 is divided by 1219943.
488
What is the remainder when 333949 is divided by 1166?
473
Calculate the remainder when 15757559 is divided by 3151510.
9
Calculate the remainder when 531147 is divided by 